t is the units digit of d?
5
Let r = 50236 + -36084. What is the hundreds digit of r?
1
Suppose -4*u + 9 = 3*x - 43, -3*x = -5*u - 43. Let l = -10 + x. Suppose -5*c = l*c - 1485. What is the units digit of c?
5
Suppose -25 = -4*t + 3*r, 2*t + 4*r = 2*r + 16. Suppose t*u - u = 42. Suppose u*s = 2*s + 195. What is the units digit of s?
9
Let r(u) = -2*u**2 + u**3 + 9*u**2 + 8 - 2 - u. Let a be r(-8). What is the units digit of (-4)/(-2) - (a - (5 - 7))?
0
Suppose b = -3*p + 11, 2*b = b - p + 7. Suppose -b*z - 25 = 0, -401 = -q + z - 0*z. Suppose 4*k + 92 - q = 0. What is the tens digit of k?
7
What is the tens digit of 16/28 - 2/((-42)/166917)?
4
Let f(q) = -68*q - 11. Let k(y) = 34*y + 5. Let c(a) = -2*f(a) - 5*k(a). What is the tens digit of c(-5)?
6
Let g(u) = -9*u**2 + 3*u + 35. Let j(y) = 17*y**2 - 5*y - 71. Let x(r) = -13*g(r) - 6*j(r). What is the tens digit of x(-6)?
6
Let t = -1165 + 1186. Suppose -3*k = -17 - 28. Let s = t - k. What is the units digit of s?
6
Suppose -241*u + 462*u + 23400 = 236*u. What is the units digit of u?
0
What is the hundreds digit of 16458410/390 - (-10)/(-195)?
2
Let c(z) = z**3 + 7*z**2 - z - 2. Suppose l - 2 = -8. What is the tens digit of c(l)?
4
What is the thousands digit of (-2 - -2 - 38)*397137/(-442)?
4
Suppose 2*b = -2*s, -5*s + 9 = b + b. Suppose -s*u + 23 = 8. Suppose -5*m - 2*d + 206 = -d, 4*m - u*d = 188. What is the tens digit of m?
4
Suppose 6*w + 2461326 - 472724 = 160*w. What is the tens digit of w?
1
Let v(f) = -f**3 + 19*f**2 + 24*f - 20. Let t be v(20). Let s be (-1 + 23)*5/t*6. Let z(u) = -u**3 + 11*u**2 + 16*u + 2. What is the hundreds digit of z(s)?
1
Let v be ((-2)/(-3))/((-24)/(-324)) - 2. Suppose -s + 821 = 5*x, v*s + 4079 = 12*s - x. What is the tens digit of s?
1
Suppose -11*u + 10 = -6*u. Suppose -4*l = b - 6 - 10, u*b = -3*l + 17. Suppose -3*c = -r + b, r + c = 2*c + 10. What is the tens digit of r?
1
Suppose 5*z = -0*s + 5*s - 16125, s = -2*z + 3234. Let l(t) = t**3 + 3*t**2 - 14*t - 12. Let i be l(-5). Suppose i*w - s = -1252. What is the units digit of w?
7
Let h(m) be the first derivative of 5*m**2 + 44*m - 11. What is the tens digit of h(21)?
5
Let p be ((-4)/6)/((-20)/6 - -3). Suppose 0 = -l - p, 3*o - 2*o - 5*l = 12. Suppose -2*n + 216 = -2*i, -o*n - 7*i + 204 = -5*i. What is the tens digit of n?
0
Suppose -43 + 1 = -3*c. Let p(a) = 117*a - 24. Let g be p(c). Suppose 8*n + 406 = g. What is the tens digit of n?
5
Let l(f) be the third derivative of f**5/60 - 11*f**4/8 + f**3/6 - 8*f**2. Let d be l(11). Let g = d - -358. What is the units digit of g?
7
Let z(x) = 3007*x**3 + 13*x**2 - 10*x + 3. What is the thousands digit of z(1)?
3
Suppose 23646 = 12*m + 1722. What is the tens digit of m?
2
Let m = -45 + 46. Let i be (-1)/(m - (-102)/(-105)). Let t = 153 + i. What is the units digit of t?
8
Let i(w) = -3*w**3 - 8*w**2 + 12*w + 101. Let h = -280 + 271. What is the hundreds digit of i(h)?
5
Suppose m - 15 = 3*o, -3*m + 5*o = 3*o - 10. What is the tens digit of (269 - -4) + (-1 - m)?
7
Let h be 15/10*1 + 7946/4. Suppose -6*u + 1972 = -h. What is the tens digit of u?
6
Let m(p) = p**2 + 7*p - 66. Let u be m(35). Let v = u - 343. What is the units digit of v?
1
Let a(b) = 2*b + 39. Suppose -6*v = -3*v + 45. Let s be a(v). Let o(g) = 2*g**2 + 3*g + 31. What is the tens digit of o(s)?
2
Suppose -2*u + 26150 = -2*s, 0 = -2*u - s + 18845 + 7317. What is the thousands digit of u?
3
Let g = 25431 - -15160. What is the thousands digit of g?
0
What is the thousands digit of (817/(-3) + -4)/(1/(-33))?
9
Let h be (464/145)/((-4)/370). Let y = h + 1258. What is the tens digit of y?
6
Let d = -2434 - -3060. What is the hundreds digit of d?
6
Let u(c) = c**3 + 7*c**2 + 3*c - 13. Let t be u(-6). Suppose 5*r - t*o = 470, -3*r + 102 = -5*o - 190. Suppose 0 = -5*d + 41 + r. What is the tens digit of d?
2
Let x be (-6 - 78)/(6/8). Let o = -112 - x. Suppose o = -6*m + 29 + 403. What is the units digit of m?
2
Let u be (475/(-3))/(-7 + (-110)/(-15)). What is the hundreds digit of 19/(u/(-10)) - (-1253)/5?
2
Let g be -1 + (-1 - 5) + -26 + 29. Let s be (-2)/8 - g/16. What is the tens digit of (-4704)/(-32) + (s + 1 - -3)?
5
Let f(x) be the third derivative of x**5/30 + 5*x**4/6 - 8*x**3/3 + 5*x**2. Let q(t) be the first derivative of f(t). What is the units digit of q(7)?
8
Let l(o) = -175*o - 21. Let v be 8/(-3)*15/20. What is the hundreds digit of l(v)?
3
Let q(n) = n**3 + 6*n**2 - 17*n + 10. Let v be (12/8)/((-2)/8)*-20. Suppose 5*p + v = -10*p. What is the units digit of q(p)?
8
Suppose -64 = 7*i - 23*i. Suppose 44*q = 43*q + i. Suppose 571 = q*z - 501. What is the hundreds digit of z?
2
Let u = 10326 + -260. What is the thousands digit of u?
0
Let j(n) = 48*n**2 - 183*n - 2. Let c be j(10). Let g = c + -1922. What is the units digit of g?
6
Let t = -162 - -358. Let j be (t/315 - (-4)/(-18))*275. Suppose 2*o - 4 = 0, 5*v = 4*o + j + 382. What is the tens digit of v?
0
Let p(b) = b**3 - 6*b**2 + 4*b - 24. Let w be p(6). Suppose 0 = z + 4*r - 350, -2*z + 716 = -w*z + 4*r. What is the units digit of z?
6
Suppose -1491 = 36*i - 7251. Let c = i + -119. What is the tens digit of c?
4
Let f(l) = -282*l - 3581. What is the thousands digit of f(-31)?
5
Let c = 99 - 82. Let r(z) = -z**3 + 19*z**2 - 17*z - 37. What is the hundreds digit of r(c)?
2
Suppose -12646 = -4*c + 2*m, -3158 = -9*c + 8*c + m. What is the thousands digit of c?
3
Let b(q) = -1178*q - 1286. What is the tens digit of b(-13)?
2
Let a = -27 - -49. Let w be ((-6)/(-33) - 1544/a) + 1. Let j = 84 + w. What is the units digit of j?
5
What is the thousands digit of (2 - (-7)/(-3)) + (-3 - 807114/(-63))?
2
Let l be -6 - (-53 + -4)*6. What is the tens digit of (-615)/(-1) + l/(-42)?
0
Let r be (-1366)/4*(22 - 26). Let u = r + -72. What is the hundreds digit of u?
2
Suppose 96*c - 125*c = -104139. What is the hundreds digit of c?
5
Suppose -3*s = -3*x + 49074, -x + 6*s - 10333 + 26686 = 0. What is the tens digit of x?
5
Let d(p) = 1651*p + 1029. What is the tens digit of d(6)?
3
Suppose 6*q = -4*q + 20. What is the tens digit of (384/(-15) - q)*(-2090)/57?
1
Let y(i) be the second derivative of 31*i**4/8 - i**3/2 - 19*i**2/2 + 14*i. Let t(v) be the first derivative of y(v). What is the tens digit of t(1)?
9
Suppose 37*h = -3*u + 34*h + 40233, -h - 26825 = -2*u. What is the ten thousands digit of u?
1
Suppose -2 = 4*k - 5*k. What is the units digit of (-6)/8*(-220)/30*k?
1
Let z be 0/(39/(-18) - 3/(-18)). Suppose z = 6*l - 12*l - 30. Let j(s) = -23*s - 6. What is the hundreds digit of j(l)?
1
What is the ten thousands digit of (-1 - 1088/(-20))/((-8)/(-2200))?
1
Let c(u) = 17*u + 18. Let z = 140 - 45. Let t = z - 85. What is the hundreds digit of c(t)?
1
Let z = 34 + -31. Suppose 3*x + z*s + 3 = 0, -3*x + 8*s = 3*s - 21. What is the hundreds digit of ((-2)/(-2) - x)*127*-1?
1
Suppose 11*b - 25*b + 70 = 0. Suppose 6 = 2*p - b*v, -4*v = p - 0*v - 3. What is the units digit of -2 + 99 + p + -7?
3
Let q(k) = 38*k. Let u be ((-22)/22)/(1 + 6/(-4)). Let h be q(u). Let l = h + -22. What is the tens digit of l?
5
Suppose -139 = 8*z + 317. Let f = z + 144. What is the tens digit of f?
8
Suppose -2*s = -19 + 13. Suppose -s*x = 4*k - 64 - 355, 0 = -3*x - 3*k + 423. Let z = 254 - x. What is the units digit of z?
9
Let d be (-3135)/(-30) + 2/4. Suppose d + 119 = 7*t. What is the tens digit of t?
3
Let n = -354 - -350. What is the tens digit of n/20*-5 + 797?
9
Let b = 214 + -134. Suppose z + 4*z - b = 0. Suppose 3*y - z - 155 = 0. What is the units digit of y?
7
Let n(h) = h**3 + h**2 + h - 6. Let m be (-92)/(-22) + (-16)/88. What is the units digit of n(m)?
8
Suppose 5*z - 142640 = 57140. What is the tens digit of z?
5
Suppose 75981 = -4*f + 6*m + 282045, 0 = 5*m. What is the ten thousands digit of f?
5
Suppose -14*q + 108 = -12*q. What is the hundreds digit of q/243 + (-8438)/36*-2?
4
Let m = -8865 - -15360. What is the thousands digit of m?
6
Let b(z) = z**2 - z + 23. Let s be b(7). Let n be 15054/s - ((-2)/5 + 0). Let o = 350 - n. What is the hundreds digit of o?
1
Suppose -5*o - 2 = -1447. Let v be o*2/2 - 32/(-16). Suppose 2*l + l = v. What is the units digit of l?
7
Let t(j) = -5*j**3 + 3*j**2 - 2*j - 1. Let v be (-12)/(-5) + 6/10. Let n be t(v). Le